{"id":68,"date":"2024-07-24T14:35:09","date_gmt":"2024-07-24T17:35:09","guid":{"rendered":"https:\/\/marinhogoulartavaliacoes.com.br\/?page_id=68"},"modified":"2024-07-24T14:35:46","modified_gmt":"2024-07-24T17:35:46","slug":"avaliacoes-de-valor","status":"publish","type":"page","link":"https:\/\/marinhogoulartavaliacoes.com.br\/index.php\/avaliacoes-de-valor\/","title":{"rendered":"Avalia\u00e7\u00f5es de Valor"},"content":{"rendered":"\n<p>A avalia\u00e7\u00e3o de valor de um im\u00f3vel \u00e9 um trabalho realizado e de habilita\u00e7\u00e3o exclusiva dos arquitetos e engenheiros civis. Assim sendo, \u00e9 realizada por infer\u00eancia estat\u00edstica, conforme NBR 14.653. Podem ser realizados por m\u00e9todo comparativo, evolutivo ou involutivo, de acordo com o tipo do im\u00f3vel.<\/p>\n\n\n\n<p>Com o laudo de avalia\u00e7\u00e3o de valor voc\u00ea saber\u00e1 tecnicamente o valor venal do seu im\u00f3vel, atestado por um Respons\u00e1vel T\u00e9cnico. Com esse laudo em m\u00e3os voc\u00ea poder\u00e1 pleitear empr\u00e9stimos com o im\u00f3vel de garantia, financiamentos e redu\u00e7\u00e3o de IPTU (deve ser avaliado caso a caso).<\/p>\n\n\n\n<p>A aplica\u00e7\u00e3o do laudo de avalia\u00e7\u00e3o de valor tamb\u00e9m se faz em partilhas, invent\u00e1rios de bens im\u00f3veis e aferi\u00e7\u00e3o de patrim\u00f4nio.<\/p>\n\n\n\n<div class=\"wp-block-buttons is-layout-flex wp-block-buttons-is-layout-flex\">\n<div class=\"wp-block-button is-style-primary\"><a class=\"wp-block-button__link wp-element-button\" href=\"https:\/\/api.whatsapp.com\/send?phone=553125522282\">Entre em contato e fa\u00e7a um or\u00e7amento!<\/a><\/div>\n<\/div>\n\n\n\n<p><\/p>\n","protected":false},"excerpt":{"rendered":"<p>A avalia\u00e7\u00e3o de valor de um im\u00f3vel \u00e9 um trabalho realizado e de habilita\u00e7\u00e3o exclusiva dos arquitetos e engenheiros civis. Assim sendo, \u00e9 realizada por infer\u00eancia estat\u00edstica, conforme NBR 14.653. Podem ser realizados por m\u00e9todo comparativo, evolutivo ou involutivo, de acordo com o tipo do im\u00f3vel. Com o laudo de avalia\u00e7\u00e3o de valor voc\u00ea saber\u00e1 [&hellip;]<\/p>\n","protected":false},"author":1,"featured_media":0,"parent":0,"menu_order":0,"comment_status":"closed","ping_status":"closed","template":"","meta":{"footnotes":""},"class_list":["post-68","page","type-page","status-publish","hentry"],"_links":{"self":[{"href":"https:\/\/marinhogoulartavaliacoes.com.br\/index.php\/wp-json\/wp\/v2\/pages\/68","targetHints":{"allow":["GET"]}}],"collection":[{"href":"https:\/\/marinhogoulartavaliacoes.com.br\/index.php\/wp-json\/wp\/v2\/pages"}],"about":[{"href":"https:\/\/marinhogoulartavaliacoes.com.br\/index.php\/wp-json\/wp\/v2\/types\/page"}],"author":[{"embeddable":true,"href":"https:\/\/marinhogoulartavaliacoes.com.br\/index.php\/wp-json\/wp\/v2\/users\/1"}],"replies":[{"embeddable":true,"href":"https:\/\/marinhogoulartavaliacoes.com.br\/index.php\/wp-json\/wp\/v2\/comments?post=68"}],"version-history":[{"count":0,"href":"https:\/\/marinhogoulartavaliacoes.com.br\/index.php\/wp-json\/wp\/v2\/pages\/68\/revisions"}],"wp:attachment":[{"href":"https:\/\/marinhogoulartavaliacoes.com.br\/index.php\/wp-json\/wp\/v2\/media?parent=68"}],"curies":[{"name":"wp","href":"https:\/\/api.w.org\/{rel}","templated":true}]}}